+ 5*q**2 - q - 9. Is g(-4) composite?
True
Suppose 2*g - 5*g + 16 = k, -4*k + g = -12. Suppose k*y - 24 = -2*q, 3*q - q = -4. Let o = y + 3. Is o composite?
True
Let b(u) = -u**2 + 8*u - 5. Suppose 0 = -2*i - 2*i + 28. Let g be b(i). Suppose g*z - 16 = -4*x, z = 3*z - 4. Is x prime?
True
Suppose -3*r = -r - 8. Suppose 0*k + 113 = 3*k - 2*u, 0 = r*k + 5*u - 143. Is k composite?
False
Let k(j) = -36*j**3 - 2*j**2 - j. Let f be k(-1). Let c = f + 9. Suppose 5*y - 49 = 3*m, -m - 9 - c = -5*y. Is y a composite number?
False
Suppose 0*m + 5*m - 10 = 0. Suppose -m*f = f - 69. Is f prime?
True
Suppose -2*v + 48 = -10. Suppose 3*p - v = 82. Is p a prime number?
True
Let j = -6 - 10. Let g = j - -35. Is g prime?
True
Suppose -3*d = 3*d + 72. Let f(x) = -x**3 - 9*x**2 + 5. Is f(d) a composite number?
True
Let u = 44 - -33. Is u a composite number?
True
Let f be ((4 - 1)/(-3))/1. Let t = 8 + f. Let p(w) = -w**2 + 7*w + 6. Is p(t) prime?
False
Let v be (-2)/(-4)*2 - 1. Suppose v = -y - 4, 2*f + 3*y - 62 - 80 = 0. Is f a prime number?
False
Suppose 2*n - 1310 = -3*n. Is n a composite number?
True
Let i(g) = -64*g - 1. Let n be i(-2). Suppose n = -4*r + 443. Is r composite?
False
Suppose 0 = -c - 5*d + 19, c + d - 1 = 34. Is c prime?
False
Suppose 2*i + 2*d - 14 = 0, -i - 2*d + 4 = -8. Suppose -2*j = i*j - 3868. Is j a composite number?
False
Let f be 3/(2/(-404)*-6). Suppose 5*q + 3*b = 1335, b - f = -2*q + 433. Is q composite?
True
Suppose 42 = -5*a - 2*y, -35 = 5*a + y - 6*y. Let x(i) = 13*i**2 + 6*i + 9. Is x(a) a prime number?
False
Let d = 39 + 88. Is d a composite number?
False
Let x(q) = -q**2 + 11*q + 1. Let z be x(11). Is 163 + -1 + -2 + z a prime number?
False
Suppose -v + 126 + 132 = 0. Suppose -5*m = v - 1173. Is m a composite number?
True
Let k be ((-8)/(-3))/(2/3). Let h be -2*14/k*-10. Suppose -h = -2*o + 84. Is o a composite number?
True
Let r(f) = -f**2 + 5*f + 7. Let m be r(6). Let h be ((-20)/m)/(1/(-1)). Suppose -k = -h - 13. Is k a composite number?
True
Suppose -3 + 6 = 3*x. Let c(w) = -6*w**2 + w - 1. Let t be c(x). Is (-76)/(-6) + (-2)/t a prime number?
True
Suppose -3*q + 4*w + 1300 = 6*w, 2*w = -4*q + 1734. Suppose 1165 = -16*l + 11*l. Let i = l + q. Is i a prime number?
False
Let d(q) = q + 8. Let c be d(-8). Let x(i) = -i + 49. Is x(c) prime?
False
Let v = 877 - 312. Is v composite?
True
Suppose u = -3*u - 36. Let n(m) = -m**2 - 8*m + 5. Let r be n(u). Let z = r - -15. Is z prime?
True
Let n(z) = -4*z**3 + z**2 - z. Let q be n(-2). Suppose 2*l + q = 4*d + 4*l, 5*d - 34 = 2*l. Suppose -2*a = -d, 4*a = -2*f + a + 34. Is f prime?
True
Let a(k) = -k**2 + 14*k + 13. Let d(l) = 11*l**2 - 2*l + 1. Let u be d(1). Is a(u) prime?
True
Suppose 0 = -5*z + 4*u + 289, 55 = 2*z + 3*u - 56. Is z composite?
True
Suppose 2266 = 2*u - r - 3*r, 5*r + 25 = 0. Is u composite?
False
Is -2 - (0 + 1 + -1070) a composite number?
True
Let z be 1/(1/(-1)) - -6. Suppose -p = 4*q + 104, q = -z*p - q - 466. Let x = p - -189. Is x a composite number?
False
Let u be -1 + 6 + (-2 - -2). Suppose -3*o + u*a = -46, -5*o - a - 106 = -10*o. Is o composite?
True
Suppose 381 = 2*j + j. Let n = 126 + -57. Suppose 4*s - n = j. Is s composite?
True
Let m = 53 - 153. Let u = m - -447. Is u a prime number?
True
Let v be 22 + (-1)/((-1)/(-3)). Let m = v - 16. Is m prime?
True
Let t(x) be the third derivative of -x**6/120 + 3*x**5/20 - x**4/8 + x**3/3 + x**2. Suppose 3*b - 13 = 8. Is t(b) a prime number?
True
Let d(o) be the first derivative of 5*o**3/3 + o**2/2 + o - 3. Is d(2) composite?
False
Let d be (-225)/(2 - (-3 - -1 - -5)). Suppose 5*m = 4*x - 1451, 4*x + x - 3*m = 1817. Let q = x - d. Is q a prime number?
True
Suppose 0 = 9*w - 962 - 6211. Is w a prime number?
True
Let o(f) = f**2 - f - 7. Let j be o(6). Let i = -4 + j. Is i prime?
True
Let z = -30 + 54. Suppose 5*s = 199 - z. Is s prime?
False
Suppose -4*w + 2*s = -12, -s = 2*s + 6. Suppose v = -w*n - 3*v + 590, -5*n = -5*v - 1460. Is n prime?
True
Let z(y) = -60*y**3 - 4*y**2 - 5*y + 2. Is z(-5) a prime number?
False
Suppose a - 7 = 1. Let w = a + -4. Is 0 + w/(8/154) prime?
False
Let v be -3*(-3 - (0 + -2)). Let d be -48 + 1/(v/(-6)). Let h = 163 + d. Is h a prime number?
True
Suppose -4*v + 483 - 127 = 0. Is v a composite number?
False
Let c be (-1 - -2) + 8/4. Let l = c + 0. Suppose l*q - 148 = -q. Is q a prime number?
True
Let q = 53 + -30. Is q prime?
True
Let a(q) = 8*q**3 - 6*q + 7. Let f(c) = -c**3 + c - 1. Let i(h) = a(h) + 6*f(h). Is i(3) composite?
True
Is 1 + (1395 - 12/(-4)) composite?
False
Let r(m) = -9*m - 4. Let g be r(-3). Suppose 1 = -2*w - 3*s, -w = -3*w + 5*s + g. Is (w - 3) + 12*8 a composite number?
False
Suppose -3*d + 5*h = 1, 0 = 3*d - h + 3*h - 13. Suppose d*o = -o + 268. Is o composite?
False
Let l = 18 + -16. Is (-440)/(-4) - (l - 3) a prime number?
False
Let f(u) = -u**3 - 11*u**2 - 5*u - 1. Is f(-12) composite?
True
Suppose 12 = -r - 0*f - 4*f, -f - 20 = -4*r. Suppose 5*h - r - 6 = 0. Suppose h*z = -0 + 20. Is z a composite number?
True
Let q be (-2)/4*0 - -7. Let p be -1 - -13*(0 - -1). Let z = p + q. Is z a prime number?
True
Let w be 4/(-6) - 955/(-15). Suppose 10 = 4*s - 6. Suppose s*c - 21 - w = 0. Is c a composite number?
True
Suppose -5*t + 3*x + 1094 = 0, 3*t - 3*x = -0*t + 654. Suppose -7*r = -3*r - t. Is r prime?
False
Suppose 0 = q + 3*z + z - 3639, -5*q + 18270 = 5*z. Is q composite?
False
Is 2153 + (4 + -4)/3 composite?
False
Let u be 3/((-3)/6 - -2). Suppose 5*i + x = 796, 4*i + u*x - 641 = -3*x. Is i composite?
True
Suppose -3*a + 5*r = -47, -25 = -2*a + 2*r + 5. Is a composite?
True
Is 2 + (63*3)/1 composite?
False
Let n(a) = -a**3 + a**2 - a + 18. Suppose -1 = o, -b + 2 = -2*b - 2*o. Let f be n(b). Is ((-8)/(-3))/(12/f) composite?
True
Suppose 2005 = 4*w + w. Is w a prime number?
True
Let i be 22/3 - 4/(-6). Is 125/6 + i/48 a composite number?
True
Let s(x) = -x**2 - 21*x - 43. Is s(-18) a composite number?
False
Let a(f) = -62*f**2 + 5*f + 7. Let p(s) = 63*s**2 - 4*s - 6. Let c(j) = 6*a(j) + 7*p(j). Is c(-1) composite?
False
Let v be 1/((-20)/(-18) - 1). Suppose m - 52 = -5*k, v*k = m + 4*k - 42. Is m a composite number?
False
Is 163 - -1*0*(-3)/6 prime?
True
Suppose -5*o = 356 - 1411. Is o prime?
True
Suppose 0 = 4*d - h - 224, h = -4*d - 0*d + 232. Is 5/((-54)/d - -1) composite?
True
Let h(v) = -v**3 - 2*v**2 - v - 1. Let z(x) = -x**2 + 1. Let b(p) = -h(p) + 2*z(p). Is b(5) a composite number?
True
Is 18/(-6) + (-1)/(1/(-136)) composite?
True
Is (9/(-6))/((-9)/1338) composite?
False
Let h(u) = u**2 + 3*u + 13. Is h(9) composite?
True
Let h = -2 - -1. Let k(s) = -20*s**3 + s**2 + 2*s. Let r(x) = -x**2 - x. Let j(n) = k(n) + r(n). Is j(h) prime?
True
Let o(d) = 186*d**2 - 5*d + 4. Is o(1) a prime number?
False
Is (-15596)/(-21) - (-2)/6 composite?
False
Let r be (75/20)/((-1)/(-44)). Let c = r - 83. Suppose -b - 4*b + 4*y = -497, 5*y - c = -b. Is b a prime number?
True
Let u(t) = 23*t**2 - 9*t + 3. Suppose -2*w + 18 = -n - n, 13 = 3*w + 4*n. Is u(w) a composite number?
True
Is (3 - (-2 - 94)) + 4 prime?
True
Suppose -68 = -7*o + 975. Is o a prime number?
True
Let w be (-1)/3 + (-292)/(-3). Suppose -194 = -0*y - y. Let n = y - w. Is n a composite number?
False
Suppose -413 = -2*c - 2*c - y, -4*y = 2*c - 210. Is c a composite number?
False
Let i(t) = -t + 3. Let q be i(-9). Suppose -q = 3*o, -3*v + 5*o = 39 - 482. Suppose 2*d + d = v. Is d prime?
True
Let c = 4 - 7. Is 60/(-4)*c/5 a composite number?
True
Let p(z) = 9 - z**2 + 7*z + 4*z**2 - 2*z**2. Is p(-6) composite?
False
Suppose -3 = y - 2. Is y*(-44)/8*6 a composite number?
True
Suppose 4*x - 4*m - 240 = -9*m, 2*m = x - 73. Is x composite?
True
Suppose 9*h - 30 = 14*h. Is (69/(-4))/(h/16) prime?
False
Suppose -2*b - 5 = -b. Let w(g) = -g**2 - 7*g - 7. Let o be w(b). Suppose -7*p + 5*p + o*v + 97 = 0, p = -3*v + 44. Is p prime?
True
Let h(d) = -7*d + 28. Is h(-7) composite?
True
Let t = -7 + 17. Suppose 5*m + 445 = t*m. Is m a prime number?
True
Let g(u) = -u**3 + 9*u**2 - 2. Let f be g(9). Is (1/f)/(1/(-110)) prime?
False
Let y(s) = -4*s**3 - 5*s**2 + 4*s - 12. Is y(-7) prime?
True
Let t be 7 - -2*(0 - 1). Suppose 3*w = -2*m + 13, -2*m + 10 + t = 5*w. Is (-1)/(w - 8/7) a composite number?
False
Let d be (-42)